common factor of 2774 and n.
19
Let l = -38 - -110. Let q be (-4)/(-18) + 2 + 2000/l. What is the greatest common factor of q and 45?
15
Let a(f) = -68 - 46 - 52*f - 79 + 17*f. Let m be a(-7). Calculate the greatest common factor of 8 and m.
4
Let u(n) = 154*n - 2280. Let q be u(18). What is the highest common divisor of 84 and q?
12
Let c(t) = 153*t**3 - t**2 + t - 1. Let p be c(1). Suppose -6*m + z = -3*m - p, 4*m - z - 203 = 0. What is the greatest common factor of 68 and m?
17
Suppose 79*j - 7116 - 222 = -781. Calculate the greatest common factor of j and 7.
1
Suppose 0 = 3*u + 5*x - 951, 3*x + 634 = 2*u + 7*x. Let v = -205 + u. What is the highest common divisor of 64 and v?
16
Let q(b) = b**3 + 12*b**2 + 10*b + 8. Let l be q(-6). Let y be 16/80 + (l/5 - 2). Let d = -3 + 34. What is the greatest common factor of y and d?
31
Suppose 13*z + 0*z - 26*z + 12324 = 0. Calculate the highest common divisor of 60 and z.
12
Let u be 36218/52 - 2/(-4). What is the greatest common divisor of u and 85?
17
Let v be ((-9)/3)/(23/(-230)). Let w(h) = 4*h**2 - 22*h + 8. Let g be w(7). What is the highest common factor of v and g?
10
Suppose q = -0*q - 3*p - 77, -3*p = 15. Let i = -53 - q. Calculate the highest common factor of i and 81.
9
Suppose -9*d - 2*r + 562 = -12*d, -4*r + 20 = 0. Let j be 425*(d/(-20) - 9). What is the highest common factor of j and 10?
5
Let t = 166 + -166. Suppose 47 = 4*j + x, t = 3*j - 4*j + 5*x + 17. Calculate the greatest common factor of 30 and j.
6
Suppose -3*o = 3*g - 405, 4*o = -5*g + 771 - 228. What is the highest common divisor of 114 and o?
6
Let v = -41 + 61. Let u = 7945 - 7941. What is the greatest common factor of v and u?
4
Suppose 349 = -4*x + 361. Suppose -4*q = 5*j - 7428, 3*j - 8*q - 4442 = -x*q. What is the highest common factor of j and 28?
28
Let p(m) = 46*m + 2666. Let x be p(39). What is the greatest common divisor of 10 and x?
10
Let h = -601 + 876. Let w(o) = -28*o - 1. Let y be w(-2). What is the highest common divisor of y and h?
55
Let n = -475 - -281. Let f = -300 - n. Let t = -94 - f. Calculate the highest common factor of t and 132.
12
Let r(c) = c - 4. Let j(l) = 2*l - 4. Let h(p) = 6*j(p) - 5*r(p). Let s be h(1). Suppose s*d - 270 = -2*d. Calculate the greatest common divisor of d and 6.
6
Let p be (224/140)/((-4)/1510). Let x = -310 - p. Calculate the greatest common factor of x and 84.
42
Let u(x) = -266*x - 1470. Let n be u(-30). What is the greatest common factor of 7 and n?
7
Let k = 1221 - 1220. What is the greatest common factor of 659 and k?
1
Suppose -4*a = -2*z - 3*z + 688, -3*a - 6 = 0. Suppose -z = -2*n - 10. Let t = 102 - n. Calculate the highest common factor of t and 26.
13
Suppose -t - 3*n + 42 = 48, n = 2*t - 2. Suppose -1 = 2*u - 13. Suppose -u*d + 182 + 358 = t. What is the highest common divisor of 10 and d?
10
Let v(k) = -39*k + 6. Let x be v(-6). Suppose 69*d - 69552 = -138*d. Calculate the greatest common factor of d and x.
48
Suppose 3105 = 5*k + c, 92*c + 3105 = 5*k + 97*c. What is the highest common divisor of k and 3450?
69
Let l = -10728 - -15216. What is the highest common factor of 72 and l?
24
Let c be -2*((-67 - 11) + (-2 - -9)). Calculate the greatest common divisor of 5325 and c.
71
Suppose 8*c + 108 = 5*c. Let n = 34 + c. Let p be (21/84)/(n/(-72)). Calculate the highest common factor of 63 and p.
9
Let r(k) = -k**3 - 35*k**2 - 29*k - 828. Let s be r(-36). What is the greatest common divisor of s and 1404?
108
Suppose 40*v + 22*v + 360 = 92*v. Calculate the highest common factor of v and 438.
6
Let o(j) = -j**3 - 11*j**2 - 9*j + 12. Let p be o(-10). Suppose 0 = p*n + 88 - 134. Calculate the highest common divisor of 253 and n.
23
Let s be -30*(4 + -2)/(-1). Suppose 4*o - 105*d + 101*d = 1360, 0 = -4*o + 5*d + 1360. What is the highest common divisor of s and o?
20
Suppose -y + 15 = -2*c, -4*y + c + 13 = -12. Suppose y*r = 5*n + r - 895, 0 = -2*n - r + 371. What is the highest common divisor of 244 and n?
61
Let s(z) = -88*z**3 - 7*z**2 - 22*z - 54. Let o be s(-3). Calculate the greatest common divisor of 675 and o.
75
Let x be 0/7 - 154/(-7). Suppose -21*v - 16 = -x*v. What is the greatest common divisor of 2 and v?
2
Suppose 28*s - 2 = -86. Let j be (-2)/s - (4726/(-3) - 6). What is the greatest common divisor of j and 14?
14
Suppose 2*z - 24 = -2*z. Let b(v) = v**3 - 71*v**2 - 825*v - 12. Let j be b(-10). What is the greatest common divisor of j and z?
6
Suppose 4 = -2*c, 8*c - 5*c + 1941 = 3*j. Let a be (-2)/((-36)/j) - (-1)/6. Calculate the greatest common factor of a and 99.
9
Let n = -25285 + 25306. Calculate the greatest common factor of 308 and n.
7
Let h = -160 - -360. Let b = h + -184. Calculate the greatest common factor of b and 256.
16
Let y(p) = p**3 - 2*p**2 - 186. Let i be y(0). Let z = -179 - i. Calculate the greatest common divisor of 7 and z.
7
Suppose 21*b - 19*b - 308 = 0. Suppose 58 = -5*x + 8. Let a be (-9)/(-15) - 1 - b/x. Calculate the greatest common divisor of a and 165.
15
Let z = 4558 + 371. Calculate the highest common factor of 159 and z.
159
Suppose -n = 3*a + 6, a + 4*a - 3*n = -24. Let q be -32 - (a - (-4 + 2)). Let v = -23 - q. What is the highest common factor of v and 2?
2
Let h(d) = 10*d**2 - 4*d - 4. Let l be h(-2). Suppose -70*q = 199*q - 1076. Calculate the highest common divisor of q and l.
4
Suppose -4*c + 340 - 264 = -4*m, -5*c = -4*m - 94. Calculate the highest common divisor of c and 3474.
18
Suppose 59*q - 200 = 57*q. Let f be -1 - q/(-2) - 5. Calculate the highest common divisor of 858 and f.
22
Let d be (78/(-2))/(-3 - -4 - 0). Let c be 13/d - 254/(-6). Calculate the highest common divisor of 147 and c.
21
Suppose -3*v + 10 = 2*v. Let q be 26/(-13)*(-1)/v. Let i be 5*q/10*38. Calculate the highest common factor of i and 19.
19
Let y = -190 + 222. Let t be (-1211)/(-9) - y/(-72). What is the highest common factor of t and 30?
15
Let c = 7239 - 7151. What is the highest common divisor of 220 and c?
44
Suppose 275220 - 118673 = 55*x - 421393. What is the greatest common factor of 148 and x?
148
Let a be (-1 - -2)/(6/96). Suppose -a*q + 3267 = -7*q. Let g = 72 + -39. What is the highest common divisor of g and q?
33
Suppose -4*b + 40 = 4*g - 212, -133 = -2*g + 5*b. Calculate the greatest common divisor of 44 and g.
4
Let s(a) = -55*a + 67. Let d be s(-17). Let j = -870 + d. Calculate the greatest common factor of j and 24.
12
Let r = -633 - -644. Let p(s) = -32*s**3 + 2*s**2 + s + 1. Let x be p(-3). Calculate the greatest common divisor of x and r.
11
Let v be (22/22)/((1/(-402))/1). Let p = v - -430. Calculate the highest common divisor of p and 574.
14
Suppose -53*m + 540 = -48*m. Let b be 8*((-2268)/(-16))/7. Calculate the greatest common factor of m and b.
54
Suppose a - 127 = -115. Let m(v) = -v**3 + 12*v**2 + 4*v - 46. Let w be m(a). Let f = -6 - -8. Calculate the highest common factor of w and f.
2
Suppose -5*r - k - 4*k = 540, r - 3*k + 96 = 0. Let a = -62 - r. Suppose 46 + 470 = 3*z. What is the highest common factor of z and a?
43
Let y(q) = -q**3 + 7*q**2 - 4*q - 7. Let p be y(6). Suppose -2*s + 79 = 3*r, p*s + 3*r = 7*r + 232. Calculate the highest common divisor of 11 and s.
11
Let o = 24491 - 23631. What is the highest common divisor of o and 258?
86
Let h(j) = 7*j - 264. Let n be h(38). Calculate the highest common divisor of 503 and n.
1
Let z be (21 + -20)*(0 + 3). Suppose z*s = -4*t + 497, 2*t = 8*s - 5*s + 271. Calculate the highest common factor of t and 8.
8
Let j be (-42)/56 + 2/(32/60). Suppose 0 = c, j*c = 5*n + 5*c - 50. Calculate the greatest common divisor of 590 and n.
10
Let i = 490 - -97. Suppose 78 = d - 3*o - i, 5*o = 10. Calculate the greatest common divisor of d and 61.
61
Let j(i) be the third derivative of -23*i**4/12 - 11*i**3/2 - 34*i**2. Let u be j(-8). Suppose 16 = 9*a - u. Calculate the highest common factor of a and 6.
3
Suppose -57*n + 25125 = 10*n. Let d be (-15 - 0)/((-2)/2). What is the highest common factor of n and d?
15
Let v(i) = -i**3 + 28*i**2 + 87*i - 792. Let h be v(30). Let j(g) = 44*g**3 - 2*g**2 - 2. Let o be j(2). What is the highest common factor of h and o?
18
Let u(h) = -3*h + 54. Let a(g) = 12*g**2 + g + 1. Let o be a(-1). Let q be 2 - (-3)/(o/26)*2. L